(0 - 4) + -1 + 78?
73
Let n(i) = -i + 1. Let m be n(-5). Let o be -48*(2 + (-16)/m). List the prime factors of ((-6)/(-4))/(12/o).
2
What are the prime factors of (4 + 9/(-3))*31?
31
Let d(h) = -h**2 - 6*h - 3. Suppose w - 1 + 5 = 0. Let c be d(w). What are the prime factors of 51/c - 3/15?
2, 5
Let s(f) = 6*f + 4. List the prime factors of s(2).
2
Let o = 491 + -248. What are the prime factors of o?
3
Suppose -2*j = 4*r - 30, r + 4*j + 2 = -1. Suppose 2*u + 3*v + 5 = 0, -4*v = 4*u + v + r. Let c = 18 + u. List the prime factors of c.
17
Suppose -2*y = 2*f - 12, -8*f + 4*y = -4*f - 48. Let w(u) = 2*u + 1. What are the prime factors of w(f)?
19
Let s(r) = 8*r - 29. List the prime factors of s(9).
43
Let x(m) = m**3 - 2*m**2 + 5*m. Let a be x(4). Suppose 2*f - 16 = 3*w + 23, -f - 5*w = -a. List the prime factors of f.
3
Let x = 11 - -39. Suppose 3*t = -4*j + 38, x = 2*j + 2*j - 3*t. List the prime factors of j.
11
Let g(w) = w**3 + 3*w**2 - 4*w - 3. Let k be g(-4). Let o be (33/2)/(k/(-4)). Suppose o = -0*n + 2*n. What are the prime factors of n?
11
Let i(z) = 18*z - 17. What are the prime factors of i(7)?
109
Let p be (-38)/(-10) + 1/5. Suppose 0 = p*f - 18 - 66. List the prime factors of f.
3, 7
Let w(h) = 1 + 6*h**2 - 5*h**3 - 7 - 2*h + 4*h**3 + 0*h**2. Let i = 13 + -8. What are the prime factors of w(i)?
3
Let d(n) = n**3 - 7*n**2 + 7*n - 6. Let w be d(6). Let b = -52 - -152. Suppose w = 3*a - 8*a + b. What are the prime factors of a?
2, 5
Let a = -4 + 3. Let b(s) = -2*s + 1. Let t be b(a). Suppose -q = t*q - 36. What are the prime factors of q?
3
Let w = -11 - -35. Suppose -7*s + 3*s + w = 0. List the prime factors of s.
2, 3
List the prime factors of 102*(0 - 2/(-4)).
3, 17
Let l(t) = 2*t + 3. Let i be l(-6). Let n = -2 - i. What are the prime factors of (n/(-3))/(4/(-12))?
7
Suppose 5*h = d + 14, 7*d + 178 = 2*d - 2*h. Let s = -20 - d. List the prime factors of s.
2, 7
Let b(j) be the second derivative of j**5/20 + 3*j**4/4 + 2*j**3/3 + 7*j**2/2 - 3*j. List the prime factors of b(-8).
3, 13
Let p(s) = 230*s**2 + s + 1. List the prime factors of p(1).
2, 29
Let k(l) = 13*l**2 + l - 1. Suppose -3*s = 1 - 4. List the prime factors of k(s).
13
Let o(i) = 1 + i**2 + 6 + 1 - 10*i. List the prime factors of o(10).
2
Suppose 4*i - 76 = i + 2*g, 0 = -2*i - 3*g + 42. Suppose i + 16 = 2*b. Suppose 0*j - b = -5*j. List the prime factors of j.
2
Let j(x) = -2*x + 3*x + 0*x + 4. Let i = -3 - -7. What are the prime factors of j(i)?
2
Let i be (-2)/(((-32)/36)/4). Suppose -83 = -2*d - i. List the prime factors of d.
37
Let x(f) = -153*f - 2. What are the prime factors of x(-1)?
151
Let h(q) = -q**3 + 8*q**2 - 6*q - 3. Let s(c) = 7*c + 3 - 2 + c**2 - 5*c + 7*c**2. Let m be s(-1). What are the prime factors of h(m)?
2
What are the prime factors of -2 + 3*(-40)/(-2)?
2, 29
Suppose o = -2*j + 2*o, -4*o = 2*j - 20. Suppose 3*w - 20 = -j*w. What are the prime factors of w?
2
Suppose 19 = -t - 24. Let b = 63 + t. List the prime factors of b.
2, 5
Let s = 5 - 2. Suppose -1 = s*u - 16. Suppose u*o - 1 = 9. List the prime factors of o.
2
Let t(j) be the third derivative of j**5/30 - j**4/12 + j**3/3 - j**2. Let b be t(3). Let s = 24 - b. List the prime factors of s.
2, 5
Let u(p) = -p**2 - 4*p + 2. Let b be u(-4). Suppose 0 = -4*s + b + 6. Suppose 0 = -3*d - 3*z + 12, -s = 3*d - 5*z + 2. What are the prime factors of d?
2
Let c(m) = -3*m**2 - 4*m - 5. Let n be c(-5). Suppose 17 - 44 = 3*t. List the prime factors of n/t*(-3 - -6).
2, 5
Let n(u) = u + 1. Let j be n(4). Suppose 0 = 6*v - j*v - 21. List the prime factors of v.
3, 7
Let d = -12 - -17. Suppose -4*y + 0*y + 2*n + 34 = 0, -60 = -d*y - n. What are the prime factors of y?
11
Suppose 0 = 3*i - 0*i - 18. Suppose 6 + i = -2*f. List the prime factors of ((-16)/3)/4*f.
2
Suppose 3 = 4*l - 9. Suppose -2*n = -l*n + 27. Suppose -h + 5*y - 4 = 19, -5*y + n = h. List the prime factors of h.
2
Let i(w) = 6*w + 4. What are the prime factors of i(2)?
2
Suppose 8 = 4*d - 0*d. Suppose -4*p + d*i = i - 13, 4*p + 4*i - 28 = 0. Let w(v) = v**2 - 2*v + 3. What are the prime factors of w(p)?
11
Let w(u) be the third derivative of -u**4/24 - 5*u**3/6 + 5*u**2. List the prime factors of w(-9).
2
Suppose -i = -0*i. Let s(d) = d**3 - d**2 + d + 17. List the prime factors of s(i).
17
Let m(q) = -2*q + 8. List the prime factors of m(3).
2
Let l be 0 + -36 + (-1)/1. Let u = l - -73. List the prime factors of (u/(-10))/((-10)/25).
3
Suppose 0 = 3*n + 2*n - 20. Suppose -n - 5 = -3*c. List the prime factors of c.
3
Let f(s) = s**2 + 5*s - 1. Let v = 10 - 17. What are the prime factors of f(v)?
13
Let g(v) = v**3 - 9*v**2 + 8*v - 1. What are the prime factors of g(9)?
71
Suppose -w = -3*w + 34. List the prime factors of w.
17
Suppose -2*i + 12 + 3 = 5*c, -2*i - 2*c + 6 = 0. Suppose 0 = -i*k + 4*k + 2*o - 186, k - 51 = o. What are the prime factors of k?
2, 3
Let f(z) = -z**2 - 2*z + 2. Let m be f(-3). Let a(g) = g**3 + 13*g**2 - g - 6. Let s be a(-13). Let v = m + s. What are the prime factors of v?
2, 3
Suppose 4*h = 2*h + 8. Suppose 0 = h*g - 0*g - 76. What are the prime factors of g?
19
Let w be -3 - -3 - -3 - -90. Let g = w + -52. List the prime factors of g.
41
Suppose -11*q - 482 + 3045 = 0. What are the prime factors of q?
233
Let u(v) = v + 2. Let p be u(7). Suppose 3*c = 5*k - 0*c - 33, 25 = 5*k + 5*c. Suppose 3*w - k*w = -p. List the prime factors of w.
3
Suppose -5*q - 5*z = -700, -2*q + 2*z + 433 - 141 = 0. List the prime factors of q.
11, 13
Let k(f) = -26*f - 45. List the prime factors of k(-8).
163
Suppose -3*l + 134 = -4*s, 2*l - 3*s = -0*s + 89. What are the prime factors of l?
2, 23
What are the prime factors of 0/3 + 271 + 4?
5, 11
Let d(g) be the first derivative of g**3/3 + g**2/2 - 1. Let o(n) = n**2 + 12*n + 16. Let i be o(-10). What are the prime factors of d(i)?
2, 3
Suppose 4*o = -2*q + 1124, -7*o = -4*o + 5*q - 836. What are the prime factors of o?
2, 3, 47
Let l = 378 - 261. Suppose -4*p = -2*o - 134, -p + 4*p = -4*o + l. Suppose -5*s - 5*i + p = 0, 3*s - 2*s + 4*i - 22 = 0. List the prime factors of s.
2
Suppose 6*b = 10*b - 544. List the prime factors of b.
2, 17
Suppose 0*s - 6 = -2*o - 2*s, -5 = 5*s. Let j = o + -1. List the prime factors of j.
3
Suppose 5*d = -4*t + 1 + 2, d - 6 = t. What are the prime factors of d?
3
Let x(d) = d - 8. Let y be x(8). Suppose y = -3*s - 15, j + 5*s + 157 = 4*j. Suppose -3*a - 5 + j = 0. List the prime factors of a.
13
Suppose -120 = -5*c + 5*f, 5*c - 4*c - 4*f - 33 = 0. Let q = c - -12. What are the prime factors of q?
3, 11
Suppose 0*h + 98 = h. Suppose -4*p + 6 = -h. List the prime factors of p.
2, 13
Let k(y) = y**3 - 4*y**2 + 5*y - 2. Let p be k(4). Suppose 5*q - 6*r = -r - 245, 2*q + 2*r + 82 = 0. What are the prime factors of (p/15)/((-6)/q)?
3
Suppose -6*m + 289 = 43. List the prime factors of m.
41
Let k(j) = j**3 + 14*j**2 + 13*j + 5. Let g be k(-13). Suppose -10 + g = d. What are the prime factors of (-1)/(((-1)/(-1))/d)?
5
Suppose -4*c - 4*x = -244, -c + 2*c + 5*x - 73 = 0. What are the prime factors of c?
2, 29
Suppose 4 = -2*w + 10. Suppose -2*m = w*m - 45. List the prime factors of m.
3
Let p(u) = 10*u**3 - 1. Let i(m) = -2*m**3 + 3*m**2 - 1. Let s be i(-2). Let h be (-4)/14 - s/(-21). List the prime factors of p(h).
3
Let k(q) = q**3 - 16*q + 19*q + 0*q**2 - 1 - 7*q**2 - q**2. List the prime factors of k(8).
23
Let q be (7 - 6) + (-150)/(-2). Suppose -4*a + 28 = -q. Suppose a = 5*z - 4. List the prime factors of z.
2, 3
Let u(f) = f**3 + 8*f**2 + 11. Let t be 6*(-1 - (-3)/(-9)). List the prime factors of u(t).
11
Let u = -25 + 52. Suppose 3*s + u = -33. List the prime factors of (8/s)/(2/(-10)).
2
What are the prime factors of (9/(-6) - -1)*-40?
2, 5
Let t(b) = -b**3 + 15*b**2 - 11*b - 5. List the prime factors of t(14).
37
Let v(m) = m**3 + 8*m**2 + 8*m + 8. Let w be v(-7). Let g(o) = 3*o**2 + 1. List the prime factors of g(w).
2
Let s = -13 - -7. Suppose -1 = -w, w + 0*w = -c - 1. Let o = c - s. List the prime factors of o.
2
Suppose 7*w - 4 = 6*w. Suppose -2*l + 4*l - 38 = 4*r, 25 = l + w*r. List the prime factors of l.
3, 7
Suppose 18 = 4*p - 50. What are the prime factors of p?
17
Let d = 32 - 26. List the prime factors of (d/5)/((-12)/(-440)).
2, 